pose 5*t - 703 = -163. Suppose -3*j = -9*j + t. Calculate the greatest common divisor of j and 27.
9
Let n be -69*(-4)/18*3. Let d(i) = -i**3 + 16*i**2 + 31*i + 205. Let z be d(18). What is the highest common factor of z and n?
23
Let s be (-33)/12 - -2 - (-219)/(-12). Suppose -2*y = y + 5*a - 104, 3*y - 124 = -a. Let c = s + y. What is the greatest common divisor of c and 12?
12
Suppose -3 + 1 = -h + 2*j, 0 = -2*h - 5*j + 4. Suppose -6*g + 38 = -h*g + u, 5*g - 51 = -3*u. Calculate the highest common divisor of g and 9.
9
Let t be 42/1 + (3 - (7 - 8)). What is the highest common factor of 161 and t?
23
Let f(s) = 55*s + 14. Let z be f(4). Suppose -6*c = -5*j - 2*c + 294, 4*j - 2*c - z = 0. Calculate the greatest common divisor of 145 and j.
29
Let d be (13/((-78)/8))/(3/(-612)). Suppose 0 = -2*l - 2*r + 3*r + 71, -2*r = -5*l + 176. Calculate the highest common divisor of l and d.
34
Suppose w = 5*x + 4*w - 159, -3*x + 3*w + 81 = 0. What is the greatest common divisor of x and 10?
10
Suppose 5*c = u + 101, 5*u = -2*c + 5*c - 43. Suppose 2*o = -5*p + 146, -3*o + 4*p - 8*p = -205. Calculate the greatest common divisor of c and o.
21
Let v(i) = 2*i - 5. Let f be v(5). Suppose -2*q - 66 = -f*q. Let r = q - 8. Calculate the greatest common factor of r and 14.
14
Suppose 0 = -6*r + 11*r - 50. Suppose 12*b - r - 38 = 0. Calculate the highest common factor of 6 and b.
2
Let w(y) = 156*y**2 - 8*y + 7. Let b be w(1). What is the greatest common divisor of 62 and b?
31
Let y = 9 - -72. What is the greatest common divisor of y and 162?
81
Let u(r) = r**2 + 6*r - 7. Let j be u(-11). Let z be -4 - (-15)/((-12)/(-4)). Let y be (-10 + 4/z)*-2. What is the greatest common factor of j and y?
12
Suppose 5*m + 64*x = 62*x + 26, 3*m - 9 = x. Let i(n) = 16*n**2 - 1. Let w be i(1). Let o = w - 7. What is the highest common factor of o and m?
4
Let w(f) = -47*f + 47. Let n(d) = 12*d - 12. Let m = 5 + -3. Let q(z) = m*w(z) + 9*n(z). Let v be q(10). Calculate the highest common divisor of v and 14.
14
Suppose 0 = 5*s + 66 - 546. Suppose 0 = n + c - 13, 2*c - 38 = -3*n - 0*c. Suppose -4*u = n - s. Calculate the highest common factor of 3 and u.
3
Let c be 12/(-5)*100/(-6). Suppose 26 = 4*r - 3*u + 5*u, -20 = -4*r - 4*u. What is the highest common divisor of r and c?
8
Let d be 0 + 0 + 1 - -14. Let s be 1/(80/(-350) + 9/21). What is the highest common divisor of s and d?
5
Let c be 1 + (-3 - -7) + -1. Suppose 3*k = 4*k - 5*p - 7, c*p = -5*k + 64. Calculate the greatest common factor of 4 and k.
4
Let r be ((-4)/(-10))/((-25)/875). Let c = 20 - r. Let a(p) = 34*p**2 - p + 3. Let n be a(3). What is the highest common factor of n and c?
34
Suppose -2*z + 3*x = -58, 128 - 22 = 4*z - x. Calculate the highest common divisor of 26 and z.
26
Let m = -56 - -62. Suppose -m*b - 65 = -533. What is the greatest common divisor of 52 and b?
26
Let m be (7/3 - 5)*108/(-8). What is the highest common factor of m and 54?
18
Let n be (4/(-8))/((18/(-20))/9). Suppose -n*m = -20, y - 4*m + 3*m = 5. Suppose 0 = p + 1 - 37. Calculate the greatest common factor of p and y.
9
Suppose -2*q + 4 = -0*i + 4*i, 2*i = q + 10. Let f = 26 + q. Let t = 62 - f. Calculate the greatest common factor of 5 and t.
5
Let a(f) = 2*f - 8. Let p be a(7). Suppose -p*c = -4*c - 22. What is the highest common divisor of c and 88?
11
Let d(n) = 63*n**2 + 2*n - 8. Let t be d(4). Suppose -8*r + t = r. Calculate the greatest common factor of r and 28.
28
Let o = 433 - 409. Calculate the highest common divisor of 3240 and o.
24
Let a be (3 + 7)/(2/3). Let g = -19 - -25. What is the greatest common factor of g and a?
3
Let w = -13 - -71. Suppose 10 = -2*b, -4*a + 2*b + w + 8 = 0. What is the highest common factor of 2 and a?
2
Let w(m) = 3*m**2 - 9*m + 10. Let j be w(8). Calculate the highest common factor of j and 70.
10
Suppose 3*f + 4*t + 10 = 0, -6*t + 24 = 4*f - 10*t. What is the greatest common factor of 32 and f?
2
Let z = 9 - -12. Let v = 27 - z. What is the highest common divisor of 42 and v?
6
Let n = 122 + -66. What is the highest common factor of 7 and n?
7
Suppose 2*h + 4*d = 24, 4*h - 2 = -2*d + 40. Suppose -5*w - 5 = 3*x, -w = -3*w + 2*x + 14. What is the greatest common divisor of h and w?
2
Let x = 317 - 312. Let u be 58 + (-3 + 1 - 1). Calculate the greatest common divisor of x and u.
5
Suppose -2*u = -5 + 1. Let y(c) = 5*c + 116. Let j be y(-23). What is the greatest common divisor of u and j?
1
Let f(p) = p**2 + 12*p + 15. Let y = -50 - -37. Let n be f(y). What is the greatest common factor of n and 14?
14
Suppose 24*f = -14*f + 266. Calculate the highest common divisor of 658 and f.
7
Suppose -147*o + 144*o = -663. Calculate the greatest common divisor of o and 26.
13
Suppose l - j = -11 + 27, -l + 28 = 2*j. What is the highest common factor of 12 and l?
4
Let q(o) = o. Let j(a) = -5*a + 9. Let u(i) = -j(i) - 4*q(i). Let p be u(13). Suppose m = -p*m + 250. What is the highest common divisor of 20 and m?
10
Let z = -473 - -753. Calculate the highest common divisor of z and 56.
56
Let p = 340 + 83. Calculate the greatest common divisor of p and 47.
47
Let p = -37 - -107. Suppose 0 = -3*w - 2*o + 4*o + 26, -5*w - 2*o = -p. Calculate the highest common factor of w and 84.
12
Let j(f) = -57*f - 57. Let b be j(25). Let u be 1 + ((-3)/(-7) - b/21). Calculate the highest common factor of u and 24.
24
Let k be (-169)/(-26) - (-2)/(-4). Let x = -40 + 70. Calculate the highest common factor of x and k.
6
Let u = 26 - 8. Suppose 0 = -q - 2, 3*s = 3*q - 8*q + 1583. Let b be s/12 + (-3)/(-4). Calculate the highest common factor of u and b.
9
Let r = 22 + -20. Suppose 0*p - 6 = -r*p. Suppose 91 = 10*l - p*l. What is the highest common divisor of 143 and l?
13
Suppose 0 = 666*q - 669*q - 2*l + 3381, 4*q - 4508 = 4*l. What is the highest common divisor of q and 23?
23
Let a = -1947 - -3243. Suppose -7*f + 3*f = -a. What is the greatest common divisor of f and 36?
36
Suppose 0 = 5*t - t - 280. Let n be 1/2 - 80/(-32). Let f be (-23 - -2)*(n/9 - 1). What is the greatest common factor of f and t?
14
Suppose 0 = -8*q + 16. Suppose -2*r + 3 = -5, 0 = q*y - 3*r - 2. What is the greatest common divisor of 28 and y?
7
Suppose 5*o - 5*j - 28 = 17, -3*o - 2*j + 12 = 0. Let f be (28/o)/(4/6). Calculate the greatest common divisor of 28 and f.
7
Suppose -i = -b + 4, -1 = -2*i + 2*b + 3*b. Let s = -4 - i. Suppose 5 + 7 = 3*w, -s*w + 264 = 4*o. Calculate the greatest common factor of o and 7.
7
Let w(r) = 42*r - 10. Let y be w(4). Let x = y + -98. What is the greatest common divisor of 12 and x?
12
Suppose -12*u = 55 - 475. Suppose 2*n - 7 = 1, -2*o + 268 = -3*n. What is the highest common factor of o and u?
35
Let v = 1903 + -1328. Calculate the highest common factor of v and 23.
23
Let p(y) = 11*y**2 - 2*y + 1. Let n be p(1). Let z be 5/1*n/25. Suppose -z*c + 36 = c. What is the greatest common divisor of 8 and c?
4
Let i = -93 + 181. Let j = -5 + 13. Suppose 0 = m - 0 - j. What is the greatest common divisor of i and m?
8
Let u(l) = -3*l - 3*l + 8*l - 18. Let s be u(14). Calculate the greatest common factor of 30 and s.
10
Let l be (2 - -1)/((-2)/(-4)). Let b be (-4)/(-6)*l*17. Let v(w) = -2*w**2 + 13*w - 4. Let d be v(3). What is the greatest common factor of b and d?
17
Let y = -185 - -222. Calculate the greatest common divisor of y and 481.
37
Suppose -13*m - 704 = -24*m. What is the highest common divisor of m and 480?
32
Suppose 5 = 2*p - 7. Suppose p*v - 25 = v, 0 = -3*s - 2*v + 25. Suppose 5*w - 6*w + 31 = s*x, 5*w = 2*x - 34. Calculate the highest common divisor of x and 14.
7
Suppose -9*w = -14*w + 200. Suppose 0 = -6*r - 2*r + w. What is the highest common divisor of r and 5?
5
Suppose -5*f + 0*u = 2*u - 524, 0 = 5*f + 3*u - 521. Calculate the highest common factor of 1802 and f.
106
Let i be (-2 - 2)*1 + 20/5. Suppose 8 = 2*h, i*h - 711 = -5*m + h. What is the highest common factor of 13 and m?
13
Let q = -52 - -44. Let p = 19 + q. What is the highest common factor of 275 and p?
11
Let k be 392/20 + 2/5. Let b = -9 + k. Calculate the highest common factor of 99 and b.
11
Let l(c) = 38*c + 2. Let i be l(1). Calculate the highest common factor of 32 and i.
8
Suppose -5*c + 350 = -80. Let x = 122 - c. Let z be 3 + (13